{"id":92,"date":"2022-02-16T18:55:09","date_gmt":"2022-02-16T17:55:09","guid":{"rendered":"https:\/\/www.auchatlheureux.com\/?page_id=92"},"modified":"2022-03-10T12:11:49","modified_gmt":"2022-03-10T11:11:49","slug":"mentions-legales","status":"publish","type":"page","link":"https:\/\/auchatlheureux.com\/index.php\/mentions-legales\/","title":{"rendered":"Mentions l\u00e9gales"},"content":{"rendered":"<p>[et_pb_section fb_built=\u00a0\u00bb1&Prime; admin_label=\u00a0\u00bbHero\u00a0\u00bb _builder_version=\u00a0\u00bb4.14.8&Prime; use_background_color_gradient=\u00a0\u00bbon\u00a0\u00bb background_color_gradient_start=\u00a0\u00bbrgba(0,0,0,0.6)\u00a0\u00bb background_color_gradient_end=\u00a0\u00bbrgba(0,0,0,0.6)\u00a0\u00bb background_color_gradient_overlays_image=\u00a0\u00bbon\u00a0\u00bb background_image=\u00a0\u00bbhttps:\/\/www.auchatlheureux.com\/wp-content\/uploads\/2022\/03\/pexels-sora-shimazaki-566848111.jpg\u00a0\u00bb custom_padding=\u00a0\u00bb80px|0px|39px|0px|false|false\u00a0\u00bb animation_style=\u00a0\u00bbzoom\u00a0\u00bb animation_intensity_zoom=\u00a0\u00bb4%\u00a0\u00bb hover_enabled=\u00a0\u00bb0&Prime; global_colors_info=\u00a0\u00bb{}\u00a0\u00bb theme_builder_area=\u00a0\u00bbpost_content\u00a0\u00bb alt=\u00a0\u00bbmentions l\u00e9gales\u00a0\u00bb title_text=\u00a0\u00bbpexels-sora-shimazaki-5668481(1)(1)\u00a0\u00bb sticky_enabled=\u00a0\u00bb0&Prime;][et_pb_row _builder_version=\u00a0\u00bb3.25&Prime; background_size=\u00a0\u00bbinitial\u00a0\u00bb background_position=\u00a0\u00bbtop_left\u00a0\u00bb background_repeat=\u00a0\u00bbrepeat\u00a0\u00bb custom_padding=\u00a0\u00bb|||\u00a0\u00bb animation_style=\u00a0\u00bbslide\u00a0\u00bb animation_direction=\u00a0\u00bbtop\u00a0\u00bb animation_intensity_slide=\u00a0\u00bb3%\u00a0\u00bb global_colors_info=\u00a0\u00bb{}\u00a0\u00bb theme_builder_area=\u00a0\u00bbpost_content\u00a0\u00bb][et_pb_column type=\u00a0\u00bb4_4&Prime; _builder_version=\u00a0\u00bb3.25&Prime; custom_padding=\u00a0\u00bb|||\u00a0\u00bb global_colors_info=\u00a0\u00bb{}\u00a0\u00bb custom_padding__hover=\u00a0\u00bb|||\u00a0\u00bb theme_builder_area=\u00a0\u00bbpost_content\u00a0\u00bb][et_pb_text _builder_version=\u00a0\u00bb4.14.8&Prime; text_font=\u00a0\u00bb||||||||\u00a0\u00bb header_font=\u00a0\u00bbMontserrat|700||on|||||\u00a0\u00bb header_text_color=\u00a0\u00bb#ffffff\u00a0\u00bb header_font_size=\u00a0\u00bb45px\u00a0\u00bb header_line_height=\u00a0\u00bb1.3em\u00a0\u00bb header_2_font=\u00a0\u00bb||||||||\u00a0\u00bb background_size=\u00a0\u00bbinitial\u00a0\u00bb background_position=\u00a0\u00bbtop_left\u00a0\u00bb background_repeat=\u00a0\u00bbrepeat\u00a0\u00bb custom_margin=\u00a0\u00bb|||\u00a0\u00bb animation_style=\u00a0\u00bbfade\u00a0\u00bb hover_enabled=\u00a0\u00bb0&Prime; header_font_size_last_edited=\u00a0\u00bboff|desktop\u00a0\u00bb locked=\u00a0\u00bboff\u00a0\u00bb global_colors_info=\u00a0\u00bb{}\u00a0\u00bb theme_builder_area=\u00a0\u00bbpost_content\u00a0\u00bb sticky_enabled=\u00a0\u00bb0&Prime;]<\/p>\n<h1>Mentions l\u00e9gales<\/h1>\n<p>[\/et_pb_text][\/et_pb_column][\/et_pb_row][\/et_pb_section][et_pb_section fb_built=\u00a0\u00bb1&Prime; theme_builder_area=\u00a0\u00bbpost_content\u00a0\u00bb _builder_version=\u00a0\u00bb4.14.8&Prime; _module_preset=\u00a0\u00bbdefault\u00a0\u00bb][et_pb_row _builder_version=\u00a0\u00bb4.14.8&Prime; _module_preset=\u00a0\u00bbdefault\u00a0\u00bb theme_builder_area=\u00a0\u00bbpost_content\u00a0\u00bb][et_pb_column _builder_version=\u00a0\u00bb4.14.8&Prime; _module_preset=\u00a0\u00bbdefault\u00a0\u00bb type=\u00a0\u00bb4_4&Prime; theme_builder_area=\u00a0\u00bbpost_content\u00a0\u00bb][et_pb_text _builder_version=\u00a0\u00bb4.14.8&Prime; _module_preset=\u00a0\u00bbdefault\u00a0\u00bb theme_builder_area=\u00a0\u00bbpost_content\u00a0\u00bb hover_enabled=\u00a0\u00bb0&Prime; sticky_enabled=\u00a0\u00bb0&Prime;]<\/p>\n<p>Nous vous remercions de votre visite sur le site https:\/\/auchatlheureux.com.<br \/>Vous trouverez ci-dessous notre politique en mati\u00e8re de traitement de donn\u00e9es personnelles. Nous vous engageons vivement \u00e0 la lire, en visitant ce site vous acceptez les pratiques que nous d\u00e9taillons et vous adh\u00e9rez aux termes et conditions \u00e9nonc\u00e9es ci-apr\u00e8s.<br \/>Le site https:\/\/auchatlheureux.com est destin\u00e9 \u00e0 l\u2019information personnelle des internautes qui l\u2019utilisent.<\/p>\n<p>Informations g\u00e9n\u00e9rales :<br \/>Ce site est propri\u00e9t\u00e9 de AU CHAT L&rsquo;HEUREUX.<br \/>Si\u00e8ge social : 25 rue de la Garenne &#8211; 91780 Merobert<br \/>Ce site est maintenu par Christine Dorat.<br \/>Ce site est h\u00e9berg\u00e9 par : HOSTEUR &#8211; Route du Lac Lussy 201, 1618 Ch\u00e2tel Saint Denis, Suisse<br \/>T\u00e9l\u00e9phone (en France): 09 88 66 05 50<\/p>\n<p>Ce site a \u00e9t\u00e9 r\u00e9alis\u00e9 par l&rsquo;agence digitale <a href=\"https:\/\/webindme.fr\">WEBINDME<\/a>.<\/p>\n<p>Le site Internet https:\/\/auchatlheureux.com et les pr\u00e9sentes conditions g\u00e9n\u00e9rales sont soumises au droit fran\u00e7ais et sont r\u00e9dig\u00e9es en fran\u00e7ais.<br \/>AU CHAT L&rsquo;HEUREUX se r\u00e9serve le droit de modifier les pr\u00e9sentes mentions \u00e0 tout moment. L\u2019utilisateur s\u2019engage \u00e0 la consulter r\u00e9guli\u00e8rement.<br \/>Protection des donn\u00e9es personnelles :<br \/>La consultation du site https:\/\/auchatlheureux.com est possible sans que vous ayez \u00e0 r\u00e9v\u00e9ler votre identit\u00e9 ou toute autre information \u00e0 caract\u00e8re personnel vous concernant.<br \/>La soci\u00e9t\u00e9 AU CHAT L&rsquo;HEUREUX s\u2019engage \u00e0 respecter votre vie priv\u00e9e et \u00e0 prot\u00e9ger les informations que vous lui communiquez. En particulier, les donn\u00e9es personnelles collect\u00e9es sur le site Internet https:\/\/auchatlheureux.com sont destin\u00e9es \u00e0 l\u2019usage de AU CHAT L&rsquo;HEUREUX. Elles sont confidentielles et trait\u00e9es comme telles.<br \/>Concernant les informations \u00e0 caract\u00e8re nominatif que vous seriez amen\u00e9s \u00e0 nous communiquer, vous b\u00e9n\u00e9ficiez d\u2019un droit d\u2019acc\u00e8s et de rectification conform\u00e9ment \u00e0 la loi fran\u00e7aise Informatique et Libert\u00e9 n\u00b0 78-17 du 6 janvier 1978. Vous pouvez exercer ce droit aupr\u00e8s de AU CHAT L&rsquo;HEUREUX &#8211; 25 rue de la Garenne &#8211; 91780 Merobert.<br \/>Si vous \u00eates abonn\u00e9s \u00e0 des services d\u2019information par courrier \u00e9lectronique (\u00ab newsletter \u00bb) vous pouvez demander \u00e0 ne plus recevoir ces courriers.<br \/>Nous vous signalons qu\u2019afin de vous proposer des produits et services toujours plus adapt\u00e9s, certaines informations \u00e0 caract\u00e8re non personnel, relatives \u00e0 votre activit\u00e9 sur ce site, seront automatiquement collect\u00e9es. Ces informations sont destin\u00e9es \u00e0 AU CHAT L&rsquo;HEUREUX et pourront \u00e9galement \u00eatre utilis\u00e9es dans le cadre d\u2019op\u00e9rations commerciales ou de marketing ou servir de base \u00e0 des \u00e9tudes et analyses.<br \/>Ces informations ne seront en aucun cas communiqu\u00e9es \u00e0 des tiers. Seul le personnel de AU CHAT L&rsquo;HEUREUX ont acc\u00e8s aux donn\u00e9es.<br \/>S\u00e9curit\u00e9 :<br \/>Nous prenons toutes les pr\u00e9cautions utiles afin de pr\u00e9server l\u2019int\u00e9grit\u00e9 des donn\u00e9es, leur confidentialit\u00e9 et emp\u00eacher toute communication \u00e0 des tiers non autoris\u00e9s.<br \/>Liens hypertextes :<br \/>La mise en place d\u2019un lien hypertexte vers le site https:\/\/auchatlheureux.com ne n\u00e9cessite pas d\u2019autorisation pr\u00e9alable et \u00e9crite \u00e0 AU CHAT L&rsquo;HEUREUX. N\u00e9anmoins, AU CHAT L&rsquo;HEUREUX doit en \u00eatre inform\u00e9 dans un d\u00e9lai maximum de 30 jours apr\u00e8s la mise en place du lien.<br \/>En tout \u00e9tat de cause, AU CHAT L&rsquo;HEUREUX n\u2019est en aucun cas tenue responsable du contenu ainsi que des produits ou services propos\u00e9s sur les sites auxquels le site https:\/\/auchatlheureux.com se trouverait li\u00e9 par des liens hypertextes ou tout autre type de lien.<br \/>Droits de propri\u00e9t\u00e9 intellectuelle :<br \/>AU CHAT L&rsquo;HEUREUX avise les utilisateurs de ce site que de nombreux \u00e9l\u00e9ments de ce site :<br \/>a) sont prot\u00e9g\u00e9s par la l\u00e9gislation sur le droit d\u2019auteur : ce peut \u00eatre notamment le cas des photographies, des articles, des dessins, des s\u00e9quences anim\u00e9es, \u2026;<br \/>b) et\/ou sont prot\u00e9g\u00e9s par la l\u00e9gislation sur les dessins et mod\u00e8les ;<br \/>c) sont prot\u00e9g\u00e9s par la l\u00e9gislation sur les marques.<br \/>Les \u00e9l\u00e9ments ainsi prot\u00e9g\u00e9s sont la propri\u00e9t\u00e9 de AU CHAT L&rsquo;HEUREUX ou de tiers ayant autoris\u00e9 \u00e0 les exploiter.<br \/>Toute reproduction, repr\u00e9sentation, utilisation, adaptation, modification, incorporation, traduction, commercialisation, partielles ou int\u00e9grales par quelque proc\u00e9d\u00e9 et sur quelque support que ce soit (papier, num\u00e9rique, \u2026) sont interdites, sans l\u2019autorisation \u00e9crite pr\u00e9alable de AU CHAT L&rsquo;HEUREUX, hormis les exceptions vis\u00e9es \u00e0 l\u2019article L 122.5 du Code de la Propri\u00e9t\u00e9 Intellectuelle, sous peine de constituer un d\u00e9lit de contrefa\u00e7on de droit d\u2019auteur et\/ou de 150 000\u20ac d\u2019amende.<br \/>Droits d\u2019auteur et\/ou Droits sur les Dessins et Mod\u00e8les :<br \/>Les photographies, textes, slogans, dessins, images, s\u00e9quences anim\u00e9es sonores ou non ainsi que toutes les \u0153uvres int\u00e9gr\u00e9es dans le site sont la propri\u00e9t\u00e9 de AU CHAT L&rsquo;HEUREUX ou de tiers ayant autoris\u00e9 AU CHAT L&rsquo;HEUREUX \u00e0 les utiliser ou libres de droits.<br \/>Les reproductions, sur un support papier ou informatique, dudit site sont autoris\u00e9es sous r\u00e9serve qu\u2019elles soient strictement r\u00e9serv\u00e9es \u00e0 un usage personnel excluant tout usage \u00e0 des fins publicitaires et\/ou commerciales et\/ou d\u2019information et\/ou qu\u2019elles soient conformes aux dispositions de l\u2019article L122-5 du Code de la Propri\u00e9t\u00e9 Intellectuelle.<br \/>Informations relatives aux produits :<br \/>Dans le cadre d\u2019une politique d\u2019am\u00e9lioration constante de ses produits et services, AU CHAT L&rsquo;HEUREUX peut modifier \u00e0 tout moment les caract\u00e9ristiques de son offre. Les produits et\/ou services pr\u00e9sent\u00e9s sur ce site sont ceux distribu\u00e9s en France m\u00e9tropolitaine.<br \/>En tout \u00e9tat de cause, les informations contenues sur ce site sont des informations \u00e0 caract\u00e8re g\u00e9n\u00e9ral et n\u2019ont pas valeur contractuelle.<br \/>Limitation de responsabilit\u00e9 :<br \/>Vous utilisez le site https:\/\/auchatlheureux.com sous votre seule et enti\u00e8re responsabilit\u00e9. AU CHAT L&rsquo;HEUREUX ne pourra \u00eatre tenu pour responsable des dommages directs ou indirects, tels que, notamment, pr\u00e9judice mat\u00e9riel, pertes de donn\u00e9es ou de programme, pr\u00e9judice financier, r\u00e9sultant de l\u2019utilisation de ce site ou de sites qui lui sont li\u00e9s.<br \/>Mise \u00e0 jour :<br \/>AU CHAT L&rsquo;HEUREUX se r\u00e9serve le droit de modifier et de mettre \u00e0 jour, sans pr\u00e9avis, les pr\u00e9sentes mentions l\u00e9gales et tous les \u00e9l\u00e9ments, produits pr\u00e9sent\u00e9s sur le site. L\u2019ensemble de ces modifications s\u2019impose aux internautes qui doivent consulter les pr\u00e9sentes Conditions G\u00e9n\u00e9rales lors de chaque connexion.<br \/>Donn\u00e9es statistiques de suivi :<br \/>Nous utilisons les donn\u00e9es de connexion pour nos statistiques de consultation (type de navigateur, nombre de visiteurs, rubriques visit\u00e9es\u2026) pour l\u2019optimisation de notre site en termes de rubriques et de navigation, mais ces informations ne sont pas transmises \u00e0 des tiers.<br \/>La reproduction sur support papier :<br \/>A l\u2019exception de l\u2019iconographie, la reproduction des pages de ce site sur un support papier est autoris\u00e9e, sous r\u00e9serve du respect des trois conditions suivantes :<br \/>\u2013 gratuit\u00e9 de la diffusion.<br \/>\u2013 respect de l\u2019int\u00e9grit\u00e9 des documents reproduits (aucune modification, ni alt\u00e9ration d\u2019aucune sorte).<br \/>\u2013 citation explicite du site https:\/\/auchatlheureux.com comme source et mention que les droits de reproduction sont r\u00e9serv\u00e9s et strictement limit\u00e9es.<\/p>\n<p>[\/et_pb_text][\/et_pb_column][\/et_pb_row][\/et_pb_section]<\/p>\n","protected":false},"excerpt":{"rendered":"<p>Mentions l\u00e9gales Nous vous remercions de votre visite sur le site https:\/\/auchatlheureux.com.Vous trouverez ci-dessous notre politique en mati\u00e8re de traitement de donn\u00e9es personnelles. Nous vous engageons vivement \u00e0 la lire, en visitant ce site vous acceptez les pratiques que nous d\u00e9taillons et vous adh\u00e9rez aux termes et conditions \u00e9nonc\u00e9es ci-apr\u00e8s.Le site https:\/\/auchatlheureux.com est destin\u00e9 \u00e0 [&hellip;]<\/p>\n","protected":false},"author":2,"featured_media":0,"parent":0,"menu_order":0,"comment_status":"closed","ping_status":"closed","template":"","meta":{"_et_pb_use_builder":"on","_et_pb_old_content":"","_et_gb_content_width":"","_monsterinsights_skip_tracking":false,"_monsterinsights_sitenote_active":false,"_monsterinsights_sitenote_note":"","_monsterinsights_sitenote_category":0},"yoast_head":"<!-- This site is optimized with the Yoast SEO plugin v20.6 - https:\/\/yoast.com\/wordpress\/plugins\/seo\/ -->\n<title>Mentions l\u00e9gales - Au chat l&#039;Heureux<\/title>\n<meta name=\"robots\" content=\"index, follow, max-snippet:-1, max-image-preview:large, max-video-preview:-1\" \/>\n<link rel=\"canonical\" href=\"https:\/\/auchatlheureux.com\/index.php\/mentions-legales\/\" \/>\n<meta property=\"og:locale\" content=\"fr_FR\" \/>\n<meta property=\"og:type\" content=\"article\" \/>\n<meta property=\"og:title\" content=\"Mentions l\u00e9gales - Au chat l&#039;Heureux\" \/>\n<meta property=\"og:description\" content=\"Mentions l\u00e9gales Nous vous remercions de votre visite sur le site https:\/\/auchatlheureux.com.Vous trouverez ci-dessous notre politique en mati\u00e8re de traitement de donn\u00e9es personnelles. Nous vous engageons vivement \u00e0 la lire, en visitant ce site vous acceptez les pratiques que nous d\u00e9taillons et vous adh\u00e9rez aux termes et conditions \u00e9nonc\u00e9es ci-apr\u00e8s.Le site https:\/\/auchatlheureux.com est destin\u00e9 \u00e0 [&hellip;]\" \/>\n<meta property=\"og:url\" content=\"https:\/\/auchatlheureux.com\/index.php\/mentions-legales\/\" \/>\n<meta property=\"og:site_name\" content=\"Au chat l&#039;Heureux\" \/>\n<meta property=\"article:publisher\" content=\"https:\/\/fr-fr.facebook.com\/doratchristine\/\" \/>\n<meta property=\"article:modified_time\" content=\"2022-03-10T11:11:49+00:00\" \/>\n<meta property=\"og:image\" content=\"https:\/\/auchatlheureux.com\/wp-content\/uploads\/2022\/02\/logo1.jpg\" \/>\n\t<meta property=\"og:image:width\" content=\"600\" \/>\n\t<meta property=\"og:image:height\" content=\"309\" \/>\n\t<meta property=\"og:image:type\" content=\"image\/jpeg\" \/>\n<meta name=\"twitter:card\" content=\"summary_large_image\" \/>\n<meta name=\"twitter:label1\" content=\"Dur\u00e9e de lecture estim\u00e9e\" \/>\n\t<meta name=\"twitter:data1\" content=\"7 minutes\" \/>\n<script type=\"application\/ld+json\" class=\"yoast-schema-graph\">{\"@context\":\"https:\/\/schema.org\",\"@graph\":[{\"@type\":\"WebPage\",\"@id\":\"https:\/\/auchatlheureux.com\/index.php\/mentions-legales\/\",\"url\":\"https:\/\/auchatlheureux.com\/index.php\/mentions-legales\/\",\"name\":\"Mentions l\u00e9gales - Au chat l&#039;Heureux\",\"isPartOf\":{\"@id\":\"https:\/\/auchatlheureux.com\/#website\"},\"datePublished\":\"2022-02-16T17:55:09+00:00\",\"dateModified\":\"2022-03-10T11:11:49+00:00\",\"breadcrumb\":{\"@id\":\"https:\/\/auchatlheureux.com\/index.php\/mentions-legales\/#breadcrumb\"},\"inLanguage\":\"fr-FR\",\"potentialAction\":[{\"@type\":\"ReadAction\",\"target\":[\"https:\/\/auchatlheureux.com\/index.php\/mentions-legales\/\"]}]},{\"@type\":\"BreadcrumbList\",\"@id\":\"https:\/\/auchatlheureux.com\/index.php\/mentions-legales\/#breadcrumb\",\"itemListElement\":[{\"@type\":\"ListItem\",\"position\":1,\"name\":\"Accueil\",\"item\":\"https:\/\/auchatlheureux.com\/\"},{\"@type\":\"ListItem\",\"position\":2,\"name\":\"Mentions l\u00e9gales\"}]},{\"@type\":\"WebSite\",\"@id\":\"https:\/\/auchatlheureux.com\/#website\",\"url\":\"https:\/\/auchatlheureux.com\/\",\"name\":\"Au chat l&#039;Heureux\",\"description\":\"La pension pour chats heureux\",\"publisher\":{\"@id\":\"https:\/\/auchatlheureux.com\/#organization\"},\"potentialAction\":[{\"@type\":\"SearchAction\",\"target\":{\"@type\":\"EntryPoint\",\"urlTemplate\":\"https:\/\/auchatlheureux.com\/?s={search_term_string}\"},\"query-input\":\"required name=search_term_string\"}],\"inLanguage\":\"fr-FR\"},{\"@type\":\"Organization\",\"@id\":\"https:\/\/auchatlheureux.com\/#organization\",\"name\":\"Au Chat l'Heureux\",\"url\":\"https:\/\/auchatlheureux.com\/\",\"logo\":{\"@type\":\"ImageObject\",\"inLanguage\":\"fr-FR\",\"@id\":\"https:\/\/auchatlheureux.com\/#\/schema\/logo\/image\/\",\"url\":\"https:\/\/www.auchatlheureux.com\/wp-content\/uploads\/2022\/02\/logo1.jpg\",\"contentUrl\":\"https:\/\/www.auchatlheureux.com\/wp-content\/uploads\/2022\/02\/logo1.jpg\",\"width\":600,\"height\":309,\"caption\":\"Au Chat l'Heureux\"},\"image\":{\"@id\":\"https:\/\/auchatlheureux.com\/#\/schema\/logo\/image\/\"},\"sameAs\":[\"https:\/\/fr-fr.facebook.com\/doratchristine\/\"]}]}<\/script>\n<!-- \/ Yoast SEO plugin. -->","yoast_head_json":{"title":"Mentions l\u00e9gales - Au chat l&#039;Heureux","robots":{"index":"index","follow":"follow","max-snippet":"max-snippet:-1","max-image-preview":"max-image-preview:large","max-video-preview":"max-video-preview:-1"},"canonical":"https:\/\/auchatlheureux.com\/index.php\/mentions-legales\/","og_locale":"fr_FR","og_type":"article","og_title":"Mentions l\u00e9gales - Au chat l&#039;Heureux","og_description":"Mentions l\u00e9gales Nous vous remercions de votre visite sur le site https:\/\/auchatlheureux.com.Vous trouverez ci-dessous notre politique en mati\u00e8re de traitement de donn\u00e9es personnelles. Nous vous engageons vivement \u00e0 la lire, en visitant ce site vous acceptez les pratiques que nous d\u00e9taillons et vous adh\u00e9rez aux termes et conditions \u00e9nonc\u00e9es ci-apr\u00e8s.Le site https:\/\/auchatlheureux.com est destin\u00e9 \u00e0 [&hellip;]","og_url":"https:\/\/auchatlheureux.com\/index.php\/mentions-legales\/","og_site_name":"Au chat l&#039;Heureux","article_publisher":"https:\/\/fr-fr.facebook.com\/doratchristine\/","article_modified_time":"2022-03-10T11:11:49+00:00","og_image":[{"width":600,"height":309,"url":"https:\/\/auchatlheureux.com\/wp-content\/uploads\/2022\/02\/logo1.jpg","type":"image\/jpeg"}],"twitter_card":"summary_large_image","twitter_misc":{"Dur\u00e9e de lecture estim\u00e9e":"7 minutes"},"schema":{"@context":"https:\/\/schema.org","@graph":[{"@type":"WebPage","@id":"https:\/\/auchatlheureux.com\/index.php\/mentions-legales\/","url":"https:\/\/auchatlheureux.com\/index.php\/mentions-legales\/","name":"Mentions l\u00e9gales - Au chat l&#039;Heureux","isPartOf":{"@id":"https:\/\/auchatlheureux.com\/#website"},"datePublished":"2022-02-16T17:55:09+00:00","dateModified":"2022-03-10T11:11:49+00:00","breadcrumb":{"@id":"https:\/\/auchatlheureux.com\/index.php\/mentions-legales\/#breadcrumb"},"inLanguage":"fr-FR","potentialAction":[{"@type":"ReadAction","target":["https:\/\/auchatlheureux.com\/index.php\/mentions-legales\/"]}]},{"@type":"BreadcrumbList","@id":"https:\/\/auchatlheureux.com\/index.php\/mentions-legales\/#breadcrumb","itemListElement":[{"@type":"ListItem","position":1,"name":"Accueil","item":"https:\/\/auchatlheureux.com\/"},{"@type":"ListItem","position":2,"name":"Mentions l\u00e9gales"}]},{"@type":"WebSite","@id":"https:\/\/auchatlheureux.com\/#website","url":"https:\/\/auchatlheureux.com\/","name":"Au chat l&#039;Heureux","description":"La pension pour chats heureux","publisher":{"@id":"https:\/\/auchatlheureux.com\/#organization"},"potentialAction":[{"@type":"SearchAction","target":{"@type":"EntryPoint","urlTemplate":"https:\/\/auchatlheureux.com\/?s={search_term_string}"},"query-input":"required name=search_term_string"}],"inLanguage":"fr-FR"},{"@type":"Organization","@id":"https:\/\/auchatlheureux.com\/#organization","name":"Au Chat l'Heureux","url":"https:\/\/auchatlheureux.com\/","logo":{"@type":"ImageObject","inLanguage":"fr-FR","@id":"https:\/\/auchatlheureux.com\/#\/schema\/logo\/image\/","url":"https:\/\/www.auchatlheureux.com\/wp-content\/uploads\/2022\/02\/logo1.jpg","contentUrl":"https:\/\/www.auchatlheureux.com\/wp-content\/uploads\/2022\/02\/logo1.jpg","width":600,"height":309,"caption":"Au Chat l'Heureux"},"image":{"@id":"https:\/\/auchatlheureux.com\/#\/schema\/logo\/image\/"},"sameAs":["https:\/\/fr-fr.facebook.com\/doratchristine\/"]}]}},"_links":{"self":[{"href":"https:\/\/auchatlheureux.com\/index.php\/wp-json\/wp\/v2\/pages\/92"}],"collection":[{"href":"https:\/\/auchatlheureux.com\/index.php\/wp-json\/wp\/v2\/pages"}],"about":[{"href":"https:\/\/auchatlheureux.com\/index.php\/wp-json\/wp\/v2\/types\/page"}],"author":[{"embeddable":true,"href":"https:\/\/auchatlheureux.com\/index.php\/wp-json\/wp\/v2\/users\/2"}],"replies":[{"embeddable":true,"href":"https:\/\/auchatlheureux.com\/index.php\/wp-json\/wp\/v2\/comments?post=92"}],"version-history":[{"count":0,"href":"https:\/\/auchatlheureux.com\/index.php\/wp-json\/wp\/v2\/pages\/92\/revisions"}],"wp:attachment":[{"href":"https:\/\/auchatlheureux.com\/index.php\/wp-json\/wp\/v2\/media?parent=92"}],"curies":[{"name":"wp","href":"https:\/\/api.w.org\/{rel}","templated":true}]}}